alculate z(8).
-41
Let j(i) = -2*i**2 + i - 1. Let r be 5 - 1 - (17 + -14). Let g be r/2 - (-11)/22. Give j(g).
-2
Suppose -3*u - 24 = -12. Let p(h) = 9*h - 6. Let g(z) = -5*z + 3. Let m(w) = -7*g(w) - 4*p(w). What is m(u)?
7
Let g(a) = 13*a - 209. Let d be g(16). Let j(m) = 3*m**3 + m. Determine j(d).
-4
Let j(a) = a**2 - a + 33. Let u be j(0). Suppose -4*k - 3 = g, -3*g + 4*k + u = 2*g. Let v(c) = c + 6 - 10 + c**2 + g. Give v(0).
1
Let t(s) be the third derivative of s**5/60 - 7*s**4/24 - 2*s**3/3 + 289*s**2. Calculate t(6).
-10
Let y(z) = z**2 - 3*z + 3. Suppose -2*f - 5*j + 10 = 0, -f + 9*j = 5*j - 5. Give y(f).
13
Let d(f) = f**3 + 4*f**2 + 3*f - 2. Let t be (-3 + 5)/(-4 - -5). Suppose 6*j + t = 7*j. Let a be 4/1 + (j - 9). Calculate d(a).
-2
Let y(i) be the first derivative of -i**4/4 + 2*i**3 + 3*i**2 - 8*i - 1103. Suppose f = -f + 14. Determine y(f).
-15
Let i(n) be the second derivative of -n**6/360 - n**5/24 - n**4/6 - n**3/2 + 29*n. Let r(o) be the second derivative of i(o). Determine r(-5).
-4
Let f(z) = z**3 - 6*z**2 + 5*z - 1. Suppose l + 8 = n + 9, 3*n = l + 5. Give f(l).
-13
Suppose -12*a + 14 = -8*a - 2*n, 0 = a + 2*n - 11. Let r(u) = u**3 - 6*u**2 + 5*u + 3. Let t be r(5). Let s = a - t. Let i(y) = -2*y**2 + 4*y - 3. Give i(s).
-3
Let j(k) = k**2 + 11*k + 6. Let q(f) = 3*f**2 + 32*f + 18. Suppose 23 = 10*i + 63. Let b(x) = i*q(x) + 11*j(x). Give b(-5).
4
Let b(r) = 4*r**2 - 4*r + 4. Let g be b(1). Let u(n) = n**2 - 5*n + 6. What is u(g)?
2
Let a be 2*(0 + (-2)/(-4)). Let p be (0 + 0 + -22)*a. Let d = p - -25. Let f(u) = u - 3. Determine f(d).
0
Let y be 1/((-3)/10 - (-5)/10). Suppose -3 - 2 = y*f. Let j(h) = 7*h**2 + 2*h + 1. Calculate j(f).
6
Let d be (-3)/9*(-21)/(-7). Let u(v) be the first derivative of 1/3*v**3 - 2 + 1/2*v**2 + 7/4*v**4 + 0*v. Give u(d).
-7
Let x be (6/12)/(4*3/(-120)). Let l(d) = d**3 + 3*d**2 - 6*d + 6. What is l(x)?
-14
Let x(d) be the first derivative of -37 + 1/3*d**3 - 5*d - 3*d**2. What is x(4)?
-13
Let b(c) = -2*c**3 - 9*c**2 - 14*c - 30. Let k(a) = 3*a**3 + 8*a**2 + 15*a + 30. Let n(g) = 4*b(g) + 3*k(g). Let x be n(13). Let m(z) = z + 2. Determine m(x).
-2
Let g(r) be the second derivative of 0 - 5/12*r**4 - 1/20*r**5 - 1/2*r**2 + 9*r + r**3. Give g(-6).
-1
Let x(h) = -h**3 + h - 1. Let z be 13*((-14)/2 - (-1 + 1)). Let u = 92 + z. Determine x(u).
-1
Let a = 396 + -411. Let m(o) = -2*o - 30. Determine m(a).
0
Let g(j) be the first derivative of 5*j**4 - 4*j**3/3 + j**2 - j - 3. Let q(w) = -39*w**3 + 7*w**2 - 3*w + 2. Let t(u) = 7*g(u) + 4*q(u). Calculate t(-1).
15
Let r(y) be the first derivative of y**2 + 10*y - 34. Give r(0).
10
Let o(b) = -14*b - 3. Let y(d) = 5*d + 1. Let x(l) = 4*o(l) + 11*y(l). Suppose 4*s = -4*f, -5*s + 0*s = 3*f. What is x(f)?
-1
Let s(o) = o + 84*o**3 + 0*o + 25 - 85*o**3 + 3*o - 8*o**2. What is s(-8)?
-7
Let q(y) = -y**2 + 6*y + 8. Let p be 2/(-7) + 70/(-98). Let s(x) = -x - 1. Let k(t) = p*q(t) - 2*s(t). Calculate k(5).
-1
Let i(z) = 6*z**2 + 5*z - 3. Let q(d) = d**2 + 1. Let r(h) = i(h) - 5*q(h). Let b = 104 + -110. Determine r(b).
-2
Suppose -j + 5 = 0, -2*j + 18 = 6*m - 2*m. Let b = m - 6. Let a(w) = -w. Let v(g) = -5*g - 6. Let c(k) = -4*a(k) + v(k). Calculate c(b).
-2
Let u(x) = 2*x + 21*x**2 - 56*x**2 + 4 + 18*x**2 - 4*x + 13*x**2. Calculate u(2).
-16
Suppose -2*n - 3*n - 2*r = -2, 2*n + 4*r + 12 = 0. Let i(p) = 0*p**2 - 4*p - 9*p**2 + 4 + 8*p**n. Calculate i(-5).
-1
Let m(d) = -11*d**3 - 16*d**2 + 16*d + 16. Let r(t) = 3*t**3 + t - 1. Let j(s) = m(s) + 3*r(s). Give j(-9).
4
Let y(d) = -d**3 - 7*d**2 - 12*d - 7. Let h be y(-5). Let w(k) be the second derivative of 1/6*k**3 + 6*k - 7/2*k**2 + 0. Calculate w(h).
-4
Let h(r) = -4*r - r**2 + 2*r + 0*r - 3*r. Let d = -5 - -5. Suppose -f = -d*f + 3*k + 17, 2*k - 17 = 5*f. Give h(f).
0
Let m(p) = -p**2 - p + 1. Let g(u) = u**2 + 4*u + 1. Let j be g(-4). What is m(j)?
-1
Let q = -50 + 46. Let s(a) = 11 + 2*a + a**2 - 4 + 3 - 4. Calculate s(q).
14
Suppose 3*v = 2*j + 3, -4*v = -3*v - 1. Suppose -3*u + 2*u + 5 = j. Let x(m) = m - 1. Calculate x(u).
4
Suppose 0 = -g - 2*g - 3. Let d = g + -2. Let i(o) = 8*o + 7. Let v(t) = -t - 1. Let j(s) = -2*i(s) - 10*v(s). Determine j(d).
14
Let n be (3 + (2 - 2))/((-3)/(-2)). Let g(t) be the second derivative of -4*t + 4/3*t**3 + 1/12*t**4 + 0 + 3*t**n. What is g(-5)?
-9
Let v(n) = -n**2 - 10*n + 3. Let j be 0 + -2 + 140/(-20). Determine v(j).
12
Let u(g) = g**3 - 4*g**2 + 2*g + 3. Let y be u(3). Let l(i) be the third derivative of -i**4/24 - 8*i**2. What is l(y)?
0
Let o(x) = -7*x**2 - x**3 - 11*x - 5*x**2 - 2 + 9. Let v be 268/(-24) - ((-46)/(-12) - 4). What is o(v)?
7
Suppose -4*s - 9 = -1, 0 = -2*j + 2*s + 14. Let l(z) be the third derivative of -z**4/24 - z**3/6 + z**2. What is l(j)?
-6
Let f(i) = 5*i**2 + 5*i + 1. Let w(n) = -4*n**2 - 4*n. Let y(z) = 3*f(z) + 4*w(z). What is y(4)?
-17
Let r(u) = u**2 - 8*u + 2. Let v(p) = -p - 1. Let t(f) = 2*f**3 + 2*f**2 + f + 2. Let q(i) = -t(i) - 4*v(i). Let z be q(-2). Determine r(z).
-14
Let u(z) = 3*z - 5*z**2 + 0*z**2 + 5*z**2 + z**2. Suppose l = -n - 6, -2*n - 1 - 5 = -l. Give u(n).
4
Let k(a) = a. Let l be k(3). Let w(d) = -1 + l + 1 - d. Let n(j) = 5*j**2 + j + 1. Let g be n(-1). Determine w(g).
-2
Let g(y) = -y**3 - 3 + 7*y**2 + 0*y**3 - 2*y + 9. Let o(c) = c**2 + c + 1. Let k(i) = i - 9. Let r be k(12). Let x(l) = r*o(l) - g(l). Determine x(3).
3
Let k(j) = -j**2 + 6*j - 4. Let v(u) = -2 + 2*u**2 - 1 - u**3 + 6*u - 16*u + 2*u**3. Let q be v(-4). What is k(q)?
1
Suppose 13*z = 14*z - 9. Let r(c) = -2*c - 7. Let x(s) = -8*s - 28. Let g(t) = z*r(t) - 2*x(t). Calculate g(-6).
5
Suppose 16*o + 3 = 19*o. Let t(k) = k**2 - 8*k - 7. Let j be t(7). Let q be 12 + j + (1 - o). Let w(d) = 3*d**3 + d**2 - 4*d - 3. Determine w(q).
-15
Let m(s) = -s - 1. Let j be ((-7)/28)/((-1)/4). Let v(l) = 6*l - 2. Let h(u) = j*v(u) + 3*m(u). What is h(5)?
10
Let c(r) = -3*r**3 - r**2 + 2*r - 1. Let u(h) = 2*h**2 - 21*h + 11. Let n be u(10). Calculate c(n).
-3
Let x be 96/44 + 2 - (-2)/(-11). Suppose 0 = -3*b - x*t - 20, 4*t - t + 15 = 0. Let r(h) = -h**2 + 15. Calculate r(b).
15
Let p be 2 - 2 - (-1 - (4 - 1)). Let a(d) = -3*d. Let y(t) = -7*t - 1. Let r(g) = -5*a(g) + 2*y(g). Calculate r(p).
2
Let q = -44 - -44. Let w(r) be the second derivative of r**4/12 + r**3/6 + 3*r**2/2 - 93*r. Determine w(q).
3
Let z(v) = v**3 - 623*v**2 + 8 - 7 + 613*v**2. What is z(10)?
1
Let c(b) = -72*b - 12*b**2 + 59*b + 2*b**3 - 3*b**3 - 22. Give c(-11).
0
Let p(d) = -2*d - 1. Let a be -4 + 5 + -1 - 4. Calculate p(a).
7
Let a(r) = 2*r + 2. Suppose 93*k - 68*k = -125. Give a(k).
-8
Let k(b) be the second derivative of b**4/6 - b**3/3 - b**2/2 + 2*b - 5. Determine k(2).
3
Let y(g) = g**2 + g + 11. Let b = 3 - -9. Suppose u = 2*u - v + 4, -3*v = -4*u - b. Give y(u).
11
Suppose 22 = 3*p + 31, 0 = w + 4*p + 17. Let k(y) = -y**2 - 3*y + 4. Determine k(w).
-6
Let n(r) = r. Let w(s) = 2 - s**3 + 3 + 2*s**3 - 4*s - 5*s**2. Let o be w(4). Let l = -21 - o. What is n(l)?
6
Suppose 133*g + 184 = -169 + 220. Let k(f) be the third derivative of 23*f**6/120 + f**4/12 + f**3/6 + f**2. Calculate k(g).
-24
Let v(s) = 7 - s - 2*s**2 - s**3 - 3*s**2 + 9*s + s**2. Let p(k) = -k**2 + 5*k + 3. Let d be p(-3). Let l be 2/8 - d/(-4). Give v(l).
-8
Let p(i) be the first derivative of i**4/12 - 5*i**3/6 + 2*i**2 - 10*i + 7. Let k(w) be the first derivative of p(w). Give k(6).
10
Let g(w) = w**2 - 4*w - 1. Suppose 103*d + 135 = 650. Determine g(d).
4
Let b(g) = 2 + 6*g + 96*g**2 + 131*g**2 - 2*g - 228*g**2. Let x = -3 + 7. Calculate b(x).
2
Let t(d) be the third derivative of -d**6/360 + 7*d**5/120 + d**4/12 - 7*d**3/6 + 21*d**2. Let q(j) be the first derivative of t(j). Determine q(7).
2
Let m(p) be the third derivative of p**5/60 + p**4/12 + p**3/2 - 4*p**2 - 8. Calculate m(-6).
27
Let o(p) = 10*p - 9 + 26 - 17. What is o(1)?
10
Suppose 0*b = 4*b. Suppose -3*f = 5*x + 95, 2*f = -2*x - b - 34. Let l = -22 - x. Let a(y) = y + 3. Determine a(l).
3
Let z be 5/2 - (-2)/4. Let n(m) = 1 + 3*m**3 - 2*m - 5*m**2 - 2*m**z + 7*m + 0. Suppose -22*b + 6*b + 64 = 0. Determine n(b).
5
Suppose -4*t + t + z + 16 = 0, 5*z - 4 = t. Let c(f) = -4*f + 26. What is c(t)?
2
Let g(f) = f**2 - 10*f + 11. Let z be g(9). Suppos